96 - 4?
100a92
In base 4, what is 1123033013 + 0?
1123033013
In base 14, what is -4 - -6d2?
6cc
In base 6, what is 3215 - 0?
3215
In base 14, what is 2dab + 26?
2dd3
In base 6, what is -5235 + 112?
-5123
In base 16, what is 170f - -3?
1712
In base 13, what is -13a8 - -8b?
-131a
In base 7, what is -5 + 261516?
261511
In base 11, what is -14aa0 - -7?
-14a94
In base 6, what is 141 - -2102?
2243
In base 14, what is -14513 + -5?
-14518
In base 5, what is -4 + -1011102?
-1011111
In base 4, what is 11 + 13222030?
13222101
In base 3, what is -12121022 - 102?
-12121201
In base 12, what is 0 + 22082?
22082
In base 16, what is -ecd45 + 1?
-ecd44
In base 14, what is -2a2d - -11?
-2a1c
In base 16, what is 4f5fb - -2?
4f5fd
In base 7, what is -1053434 - 3?
-1053440
In base 10, what is 1 + 25284?
25285
In base 4, what is 1 + -1220033?
-1220032
In base 12, what is 136 + 3a?
174
In base 5, what is -122101 - 13?
-122114
In base 11, what is -3860 + -478?
-4228
In base 4, what is 20 + 222312011?
222312031
In base 8, what is 33051 + 4?
33055
In base 4, what is 2 - -1122333?
1123001
In base 2, what is -11100100011111 - -100?
-11100100011011
In base 3, what is 1002212200 + 2?
1002212202
In base 14, what is 7 + d28?
d31
In base 16, what is db1 + a?
dbb
In base 13, what is 184 + -35a?
-1a6
In base 15, what is 3 + 2213?
2216
In base 4, what is 103013221 - -10?
103013231
In base 15, what is -9b1 - -3da?
-5c6
In base 4, what is -11232112 + 323?
-11231123
In base 5, what is 3324213 + -3?
3324210
In base 5, what is -12 - 10212211?
-10212223
In base 7, what is 262 - -2031?
2323
In base 10, what is -8 - -153879?
153871
In base 7, what is -613530 - 3?
-613533
In base 3, what is 1022100 + 112121?
1211221
In base 10, what is -5555 + -36?
-5591
In base 3, what is 1021222100222 + 1?
1021222101000
In base 4, what is 10 + -312303?
-312233
In base 4, what is -203120 - -121?
-202333
In base 16, what is e30ac + -3?
e30a9
In base 13, what is -886 - 299?
-b52
In base 3, what is -12000210211221 + -1?
-12000210211222
In base 11, what is -3 + 2305?
2302
In base 16, what is -649892 + 2?
-649890
In base 6, what is -24 + 252123?
252055
In base 16, what is 3558 - -c?
3564
In base 12, what is 9 + 7246?
7253
In base 3, what is -11000 - 1001112?
-1012112
In base 16, what is -3 - 25e?
-261
In base 14, what is c - -451?
45d
In base 4, what is -2 - 203022200?
-203022202
In base 14, what is 8b183 + -4?
8b17d
In base 10, what is -5 + 106163?
106158
In base 15, what is -b032b - -2?
-b0329
In base 11, what is 11a239 + -5?
11a234
In base 14, what is 4 + 22b401?
22b405
In base 9, what is -384 - -1684?
1300
In base 8, what is -5 + 33505?
33500
In base 12, what is bb1 + -a?
ba3
In base 11, what is 438 + -3553?
-3116
In base 15, what is 3217 + 5?
321c
In base 5, what is 111 - 24340?
-24224
In base 5, what is 202114 - -43?
202212
In base 13, what is -15b37 - -31?
-15b06
In base 6, what is 1 + 522214?
522215
In base 4, what is -103111213221 - -2?
-103111213213
In base 5, what is 1234020 + -4?
1234011
In base 5, what is 2 - 2042402?
-2042400
In base 3, what is -10002 - 10101002?
-10111011
In base 3, what is -12 + -2011002220111?
-2011002220200
In base 5, what is -2202 + -100143?
-102400
In base 9, what is -17850 - -27?
-17822
In base 7, what is 26 + 633?
662
In base 7, what is 16252 - -40?
16322
In base 16, what is 10fd - 5?
10f8
In base 4, what is 1 - -2130210?
2130211
In base 11, what is -32a17 + 2?
-32a15
In base 4, what is 2232211 + -11013?
2221132
In base 14, what is 14 - 14a8?
-1494
In base 9, what is -4 - -4652?
4647
In base 16, what is -7bfd + 12?
-7beb
In base 14, what is 34879 + -d?
3486a
In base 14, what is 19 + 25707?
25722
In base 16, what is 63458 + 1?
63459
In base 4, what is -32 + -111111011?
-111111103
In base 2, what is 110111000101 - 101101?
110110011000
In base 10, what is -2066691 + -1?
-2066692
In base 2, what is 1110001101011 - 1111011?
1101111110000
In base 13, what is -79 - -5057?
4cab
In base 16, what is -88 + -ecd?
-f55
In base 7, what is -2114 - -1001?
-1113
In base 7, what is 10 - -5436?
5446
In base 8, what is -1447547 + 1?
-1447546
In base 11, what is -230 + -172?
-3a2
In base 2, what is 1 - 10111011101010011?
-10111011101010010
In base 5, what is 120302 + -1140?
114112
In base 13, what is -5 - 7c176?
-7c17b
In base 6, what is -1 + -444253?
-444254
In base 9, what is -7 + -48731?
-48738
In base 6, what is 13053 - 552?
12101
In base 2, what is -110011000001 + 1111011?
-110001000110
In base 8, what is 133 - -300?
433
In base 2, what is 1111110001 - -10111001000?
100110111001
In base 7, what is -2 - -214106?
214104
In base 10, what is -12543 - 0?
-12543
In base 12, what is -3bb0 - 24?
-4014
In base 16, what is 30 - 15e48?
-15e18
In base 13, what is 1a99 + -21?
1a78
In base 8, what is -250 - 74?
-344
In base 15, what is b386d6 - -5?
b386db
In base 2, what is 10 - -1000001000110101?
1000001000110111
In base 11, what is 7 - -99213?
9921a
In base 13, what is 5 + -9b36?
-9b31
In base 14, what is -2 - -bbd9?
bbd7
In base 5, what is -21431 - -2011?
-14420
In base 4, what is -3232 + -1120?
-11012
In base 4, what is -11 + -112330013?
-112330030
In base 8, what is -264453 - 37?
-264512
In base 3, what is -10121110112 - 11?
-10121110200
In base 8, what is 471 + -322?
147
In base 10, what is 12 + -204?
-192
In base 9, what is 8714 + -5?
8708
In base 12, what is 4b6 + 34a?
844
In base 11, what is -8720 - 8?
-8728
In base 14, what is -7a2acb + 3?
-7a2ac8
In base 4, what is -210111 - 30?
-210201
In base 16, what is -2 + 3bb35?
3bb33
In base 5, what is 21200 + 1004?
22204
In base 6, what is -220 + -141?
-401
In base 2, what is -10011000011100100 + 110?
-10011000011011110
In base 2, what is -1010111111 - -111110?
-1010000001
In base 4, what is 1113111 + -10?
1113101
In base 14, what is 30ca - -2?
30cc
In base 7, what is -12525 - 0?
-12525
In base 6, what is 14021135 + 0?
14021135
In base 12, what is 1 - -b6b97?
b6b98
In base 6, what is 255 + -1532?
-1233
In base 5, what is -201014332 - -1?
-201014331
In base 15, what is -2ca8 + 2?
-2ca6
In base 8, what is -23421 - 2?
-23423
In base 12, what is -36a79 + 2?
-36a77
In base 11, what is 1a3 - -3259?
3451
In base 12, what is -630 - -244?
-3a8
In base 10, what is -456 + -327?
-783
In base 6, what is 52 + 1252?
1344
In base 9, what is 10 - 35?
-25
In base 5, what is -4303 + 214?
-4034
In base 3, what is 221101201 - 202?
221100222
In base 2, what is -11001111010 - 1010101?
-11011001111
In base 15, what is -809e - 3?
-80a2
In base 6, what is 235 + 1053?
1332
In base 16, what is -1942 - -19?
-1929
In base 14, what is 33 - -91?
c4
In base 7, what is -2 + 133362?
133360
In base 4, what is -23322 + 3333?
-13323
In base 15, what is -a0234 - -4?
-a0230
In base 16, what is -9eb + 254?
-797
In base 7, what is -100 - -325?
225
In base 4, what is 10 + 2232123002?
2232123012
In base 5, what is 1 + 313422411?
313422412
In base 4, what is -10 - -120321313?
120321303
In base 14, what is 738d - c?
7381
In base 7, what is -3136 - 6114?
-12253
In base 9, what is 4 - -600441?
600445
In base 5, what is -1122 + -20311?
-21433
In base 8, what is -1703 - 4060?
-5763
In base 9, what is -151748 - 4?
-151753
In base 13, what is -3 - -7203?
7200
In base 13, what is 5ba6a - -21?
5ba8b
In base 12, what is -329905 - 1?
-329906
In base 5, what is -44432 + 22?
-44410
In base 3, what is 1110000212 + 12012?
1110020001
In base 7, what is 0 + 1033612?
1033612
In base 5, what is -1000 - -1133201?
1132201
In base 10, what is 16257 + 5?
16262
In base 12, what is 217 - -138?
353
In base 11, what is 785 - -630?
1305
In base 6, what is -110435 - -2?
-110433
In base 6, what is 511520 - 31?
511445
In base 6, what is -50253 + -35?
-50332
In base 16, what is 4c44f + -4?
4c44b
In base 10, what is 5 - -2118410?
2118415
In base 14, what is 3 + 78c9?
78cc
In base 13, what is -c66a - 18?
-c685
In base 5, what is 13004 + -44?
12410
In base 4, what is -2033221 + -2100?
-2101321
In base 4, what is -23232002 - 11?
-23232013
In base 3, what is 120102101 + 1021?
120110122
In base 13, what is 2a2741 - 3?
2a273b
In base 14, what is 1295c21 - 1?
1295c20
In base 15, what is -2 + 2db9?
2db7
In base 15, what is 358cb + 3?
358ce
In base 10, what is -3 + -8937?
-8940
In base 3, what is -202020002 - -1?
-202020001
In b